pose o = -v + 5 + 7. Suppose -5*k + v = -k. List the prime factors of k.
3
Let r = 151 - -12. Let v = -78 + r. Suppose -n - 4*n = -v. What are the prime factors of n?
17
Let y = 144 - 81. What are the prime factors of y?
3, 7
What are the prime factors of 4/12 + 17/3?
2, 3
List the prime factors of 1/2 - (-53)/2.
3
Suppose -5*k + k = 4*c + 52, -3*k - 51 = -3*c. Let u(i) = -4*i - 17. List the prime factors of u(k).
43
Let v = 3 + 1. Suppose -v*a - 34 = -2*j, 4*j = -5*a - 24 + 66. List the prime factors of j.
13
Suppose -u - 29 = -4*x, -u + 2 = 2*x - 5. Let f be 24*(-3)/(x/(-2)). Suppose -4*l - f = -7*l. What are the prime factors of l?
2
Let x = 38 + -35. List the prime factors of x.
3
Let y(l) = -l**2 - 9*l + 8. List the prime factors of y(-8).
2
Let z = 10 - 6. Let a = -1 + z. List the prime factors of a.
3
Suppose -33 = -4*h - r, 3*h + 4*r - 5*r - 16 = 0. List the prime factors of h.
7
Let d(r) be the first derivative of -r**4/4 + 2*r**3 - 3*r**2 + 6*r - 17. Let w(i) = -2*i. Let h be w(-2). List the prime factors of d(h).
2, 7
Let a = 309 + -220. Let n = -58 + a. Suppose 0 = 4*y - 17 - n. What are the prime factors of y?
2, 3
Let v(j) = j. Let z be v(10). Let c be (1 - (1 - 2))*z. Suppose 5*b - 53 = 5*d + 7, -d + c = b. What are the prime factors of b?
2
Let r be ((-8)/(-12))/(1/6). Let x be ((-34)/4)/((-2)/r). Let u = -5 + x. List the prime factors of u.
2, 3
Let p = 11 + -9. Suppose -124 = -p*z - 44. List the prime factors of z.
2, 5
Suppose -y - 4*y - 100 = 0. What are the prime factors of (y/(-7))/(2/7)?
2, 5
What are the prime factors of 996/18 - (-5)/3?
3, 19
Suppose 0 = -3*a, 3*a - 5 = -s + 5. List the prime factors of s.
2, 5
Suppose 151 - 493 = -2*d. What are the prime factors of d?
3, 19
Suppose -2*n - 248 = -4*n. List the prime factors of n.
2, 31
Suppose 6*d - 102 = 4*d. List the prime factors of d.
3, 17
List the prime factors of (-1 - 5)/(-2*(-18)/(-456)).
2, 19
Let p(v) = -v + 1. Let a be p(-2). What are the prime factors of -1 - 2/(-2)*a?
2
Suppose 0 = -3*i + 14 + 7. List the prime factors of 0 + 1 + i/1.
2
Suppose 108 + 82 = 2*l. What are the prime factors of l?
5, 19
Suppose -h + 2 = b, -3*b + 6 = h - 6*b. What are the prime factors of h?
3
Let t(a) = -5*a + 41. What are the prime factors of t(-6)?
71
Suppose -2*h - 5*i + 521 = -0*h, 5*h = 2*i + 1317. What are the prime factors of h?
263
Let o(z) = -z**3 - 7*z**2 + 3*z + 3. Let p be o(-8). Let j = 2 + p. What are the prime factors of j?
3, 5
List the prime factors of 14/21 + (-146)/(-6).
5
Let a = -29 + 14. Let n be (-13)/(-5) - (-9)/a. Suppose 4*g = 2*g - n*v + 28, 3*v + 38 = 2*g. What are the prime factors of g?
2
Suppose 0*b + b = -8. Let w = -6 - b. Suppose -d - w*s - 11 = -2*d, 2*s + 62 = 4*d. What are the prime factors of d?
17
Let j be 0*(1/4*2)/1. Let i(z) = 12 + 2*z - 3*z + 2*z. What are the prime factors of i(j)?
2, 3
Let j(h) = -h**2 + 6*h + 9. Let v be j(8). Let t = v - -21. What are the prime factors of t?
2, 7
Let a = 29 + 5. Suppose -n = 2*k - a - 29, 5*k + n = 162. What are the prime factors of k?
3, 11
List the prime factors of (-4)/14 + 405/21.
19
Let v(t) = -t + 89. List the prime factors of v(-22).
3, 37
Let d(j) = j**2 + 22. Let b = 4 - 4. Suppose b = 3*t - 6*t. What are the prime factors of d(t)?
2, 11
Let y be (-2)/(-6) - (-57)/(-9). Let r(q) = -9*q + 2. Let o be r(-1). Let t = o + y. What are the prime factors of t?
5
Suppose -11 = -5*t - 36. Let g = t - -12. Let h(k) = k**3 - 8*k**2 + 8*k - 3. What are the prime factors of h(g)?
2
Suppose 4*q + 84 = -0*q. Let g be 2/(-4) + q/(-6). Suppose -g*w = -2 - 10. List the prime factors of w.
2
Suppose 3*o - j = -2*o + 10, -o + 2 = j. Suppose 0 = -2*w + 5*k + 40, w + 7 = o*w + 4*k. List the prime factors of w.
3, 5
Suppose 3*p - 50 = 73. List the prime factors of p.
41
Let i(k) = -2*k - 6. Suppose 5*s + 5*d = 125, 2*s + 3*d - 36 = 19. Let v be ((-12)/(-10))/((-6)/s). What are the prime factors of i(v)?
2
Suppose -k + 20 = 4*k. Suppose k*l - 33 = 19. What are the prime factors of l?
13
Suppose 2*a - 104 = 6*a. Let p = -19 - a. What are the prime factors of p?
7
Suppose 0 = -4*g + g + 342. List the prime factors of g.
2, 3, 19
Let g(q) = 3*q + 3. Let b be g(4). Let j be (16/(-20))/((-3)/b). Suppose -c = -8 - j. List the prime factors of c.
2, 3
Let s = 84 + -19. Let f = 91 - s. List the prime factors of f.
2, 13
Suppose 2*x = -5*i + 6, -3*i + 0*x = 3*x. Suppose -i*u - 2*p = -34, 32 = u + 3*p + p. What are the prime factors of u?
2, 3
Let t = 347 + -64. List the prime factors of t.
283
Let x be (-1)/(-1*2/12). Let d = 10 - x. Suppose -b + d = -2. List the prime factors of b.
2, 3
Let f = 21 - 14. Let n(g) = -5*g**2 + 8*g + 4. Let i(l) = 11*l**2 - 16*l - 7. Let r(s) = 4*i(s) + 9*n(s). What are the prime factors of r(f)?
3, 5
What are the prime factors of 88/(-5)*25/(-10)?
2, 11
Let q(v) = v + 2. Let f be q(2). Suppose -4*b - f*z = -92, 2*b = 3*b + 5*z - 23. What are the prime factors of b?
23
What are the prime factors of (-104)/(-3) + (-6)/9?
2, 17
Let x be (4/5)/((-2)/(-85)). Suppose -2*h = -x + 4. List the prime factors of h.
3, 5
Suppose 7*v - 2*v = 430. List the prime factors of v.
2, 43
Suppose 3*t + t - 24 = 0. List the prime factors of (-3)/(-9) - (-106)/t.
2, 3
Let s(i) = -8*i. List the prime factors of s(-12).
2, 3
Let n(v) = -5 - 4*v - 5*v**2 - 2*v**3 - v + 3*v**3. Let s be n(6). List the prime factors of 1 + (s - (-1 + -7)).
2, 5
Let v(l) = l**3 - 4*l**2 + 3*l - 1. Let p be v(2). Let o = 19 + p. List the prime factors of o.
2
Let d be (-2)/4*-5*2. Let s(x) = x - 1. Let b be s(4). Suppose 0 = k - d*u + b*u - 7, 3*k - 2*u = 17. List the prime factors of k.
5
Let s = -13 - -13. What are the prime factors of (-2 + s)*25/(-2)?
5
Suppose -2*r - 4*q = -114, 5*q - 21 - 264 = -5*r. List the prime factors of r.
3, 19
Let i be 1 + (-5)/((-15)/18). Let t = -4 + i. Suppose 0*k + 3*j = -t*k + 51, k = -3*j + 23. List the prime factors of k.
2, 7
Suppose o - 6*o = 40. Let s(l) = -l - 7. Let z be s(o). List the prime factors of 12/2 + -3 + z.
2
Let v(h) = 2*h**2 - 2*h + 3. List the prime factors of v(3).
3, 5
Suppose -4*b + 26 = 2*g, 0 = -6*g + 3*g - b + 29. Let q = -17 + g. What are the prime factors of ((-22)/8)/(2/q)?
11
Let s(w) = w + 7. Let i be s(-5). Let p be 27/6 + (-1)/i. Suppose -8 = 2*m - p*m. What are the prime factors of m?
2
List the prime factors of (2/(7 - 1))/(21/5985).
5, 19
Suppose -10 = -8*h + 3*h. Suppose -3*j + 0*j = 0. Suppose j*u + u = 3*m + 14, 4*u + h*m = 28. List the prime factors of u.
2
Let r(o) = o**2 - 6*o - 5. What are the prime factors of r(7)?
2
Let q be 0/(-4 - (-2)/1). Let n be q - 14/(-2)*-1. List the prime factors of (-2)/n + 24/14.
2
Suppose -2*k + 240 = 3*k. What are the prime factors of k?
2, 3
Suppose 0 = -4*l - 12, -4*l = -x - 3*l. Let q = -2 - x. Let i = q - -9. List the prime factors of i.
2, 5
Let o be 82/5*25/10. Suppose -5*i = -6*i + o. List the prime factors of i.
41
Let f be 1/(((-1)/(-2))/(-1)). Suppose -p + 5*v - 20 = 2, 14 = 3*p + v. Let q = p - f. What are the prime factors of q?
5
Suppose -14 = -v - v. Let i = 17 - v. What are the prime factors of i?
2, 5
Let o(n) = n**3 + 10*n**2 + n + 12. Let h be o(-10). Suppose -h*t - 36 = -6*t. List the prime factors of t.
3
Let w(f) = f**2 + 2. Let i be w(0). What are the prime factors of -4*i/(-24)*87?
29
Let s(w) = -w**3 - 14*w**2 - 14*w + 2. List the prime factors of s(-13).
3, 5
Let c(a) = -a**2 - 13*a + 6. List the prime factors of c(-10).
2, 3
Let a(m) = 2*m + 4. Let k be a(4). What are the prime factors of (-3)/k + (-21)/(-4)?
5
Let l = 336 + -104. List the prime factors of l.
2, 29
Suppose -4*m = 3*t - 18, 3*m + 9 = 6*m. Suppose t*o + z - 18 = 0, 0*o - 2*z - 19 = -o. List the prime factors of o + (-1)/((-1)/(-2)).
3
Let p(c) = c**3 + 6*c**2 + 5*c + 2. Suppose 13 = -3*u + 1. What are the prime factors of p(u)?
2, 7
Let w(k) = -2*k + 3*k + 5*k**3 - 2*k**3 + 3 + 5*k**2 - 2*k**3. Suppose 4*i + 3*t + 18 - 2 = 0, -4*t = -5*i - 20. What are the prime factors of w(i)?
3, 5
Let t = -9 - -1. What are the prime factors of (30/8)/((-3)/t)?
2, 5
Suppose 4*q = -2*r - 2*r + 232, -3*q - 2*r = -176. What are the prime factors of q?
2, 3, 5
Let w(c) = -c**3 - 8*c**2 - 2*c - 10. Let f be w(-8). Let u(g) = g + 5. What are the prime